{"id":112,"date":"2018-11-26T11:27:34","date_gmt":"2018-11-26T11:27:34","guid":{"rendered":"https:\/\/www.bws-dt.de\/?page_id=112"},"modified":"2025-01-11T19:58:38","modified_gmt":"2025-01-11T18:58:38","slug":"avast","status":"publish","type":"page","link":"https:\/\/www.bws-dt.de\/index.php\/avast\/","title":{"rendered":"AVAST"},"content":{"rendered":"<h1><img loading=\"lazy\" decoding=\"async\" class=\"alignnone size-medium wp-image-454 alignright\" src=\"https:\/\/www.bws-dt.de\/wp-content\/uploads\/2022\/07\/AVAST-300x93.png\" alt=\"\" width=\"300\" height=\"93\" srcset=\"https:\/\/www.bws-dt.de\/wp-content\/uploads\/2022\/07\/AVAST-300x93.png 300w, https:\/\/www.bws-dt.de\/wp-content\/uploads\/2022\/07\/AVAST-230x71.png 230w, https:\/\/www.bws-dt.de\/wp-content\/uploads\/2022\/07\/AVAST-350x109.png 350w, https:\/\/www.bws-dt.de\/wp-content\/uploads\/2022\/07\/AVAST.png 403w\" sizes=\"auto, (max-width: 300px) 100vw, 300px\" \/><\/h1>\n<h1><\/h1>\n<h1><\/h1>\n<h1 class=\"hero-headline\"><span class=\"headline-text\">Unkomplizierte, erschwingliche &amp; leistungsstarke Cybersicherheit f\u00fcr Ihr wachsendes Unternehmen<\/span><\/h1>\n<p class=\"hero-subheadline text-x-large\">Cyberbedrohungen sind ohnehin schon kompliziert, und das Letzte, was Unternehmen brauchen, ist eine Cybersicherheit, die auch noch kompliziert ist. Unsere benutzerfreundlichen Sicherheitsl\u00f6sungen bieten maximalen Schutz, damit Sie sich weniger Sorgen machen und sich mehr auf Ihr Gesch\u00e4ft konzentrieren k\u00f6nnen.<\/p>\n","protected":false},"excerpt":{"rendered":"<p>Unkomplizierte, erschwingliche &amp; leistungsstarke Cybersicherheit f\u00fcr Ihr wachsendes Unternehmen Cyberbedrohungen sind ohnehin schon kompliziert, und das Letzte, was Unternehmen brauchen, ist eine [&hellip;]<\/p>\n","protected":false},"author":3,"featured_media":0,"parent":0,"menu_order":0,"comment_status":"closed","ping_status":"closed","template":"","meta":{"_crdt_document":"","footnotes":""},"class_list":["post-112","page","type-page","status-publish","hentry"],"_links":{"self":[{"href":"https:\/\/www.bws-dt.de\/index.php\/wp-json\/wp\/v2\/pages\/112","targetHints":{"allow":["GET"]}}],"collection":[{"href":"https:\/\/www.bws-dt.de\/index.php\/wp-json\/wp\/v2\/pages"}],"about":[{"href":"https:\/\/www.bws-dt.de\/index.php\/wp-json\/wp\/v2\/types\/page"}],"author":[{"embeddable":true,"href":"https:\/\/www.bws-dt.de\/index.php\/wp-json\/wp\/v2\/users\/3"}],"replies":[{"embeddable":true,"href":"https:\/\/www.bws-dt.de\/index.php\/wp-json\/wp\/v2\/comments?post=112"}],"version-history":[{"count":6,"href":"https:\/\/www.bws-dt.de\/index.php\/wp-json\/wp\/v2\/pages\/112\/revisions"}],"predecessor-version":[{"id":456,"href":"https:\/\/www.bws-dt.de\/index.php\/wp-json\/wp\/v2\/pages\/112\/revisions\/456"}],"wp:attachment":[{"href":"https:\/\/www.bws-dt.de\/index.php\/wp-json\/wp\/v2\/media?parent=112"}],"curies":[{"name":"wp","href":"https:\/\/api.w.org\/{rel}","templated":true}]}}